{"id":3583,"date":"2024-01-24T18:23:52","date_gmt":"2024-01-24T21:23:52","guid":{"rendered":"https:\/\/fitomania.com.br\/?post_type=product&#038;p=3583"},"modified":"2026-04-06T14:08:47","modified_gmt":"2026-04-06T17:08:47","slug":"coenzima-q10-600mg-30caps","status":"publish","type":"product","link":"https:\/\/www.fitoplant.com.br\/loja\/produto\/coenzima-q10-600mg-30caps\/","title":{"rendered":"Coenzima Q10 600mg 30Caps<span class=\"codevz-product-category-after-title\">Exerc\u00edcio F\u00edsico<\/span>"},"content":{"rendered":"<p>A coenzima Q10 \u00e9 uma provitamina lipossol\u00favel, presente em nosso organismo, principalmente nas c\u00e9lulas dos m\u00fasculos, c\u00e9rebro, cora\u00e7\u00e3o e f\u00edgado, atuando como fonte de energia. A absor\u00e7\u00e3o da Coenzima Q10 \u00e9 melhorada quando consumida com alimentos ricos em gorduras saud\u00e1veis. A sua associa\u00e7\u00e3o com as vitaminas C e E, potencializa a atividade antioxidante, protegendo as c\u00e9lulas contra a agress\u00e3o causada pelos radicais livres. Alguns alimentos como a soja, am\u00eandoas, nozes, vegetais verdes e carnes s\u00e3o ricas em Coenzima Q10, no entanto, apenas a sua ingest\u00e3o alimentar, n\u00e3o \u00e9 suficiente para suprir as necessidades do organismo e por isso a sua suplementa\u00e7\u00e3o \u00e9 fundamental para manuten\u00e7\u00e3o das doses di\u00e1rias.<\/p>\n<p><strong>INGREDIENTES:<\/strong><\/p>\n<p>\u00d3leo de semente de uva, col\u00e1geno hidrolisado, l-ascorbato de c\u00e1lcio, coenzima Q10, acetato de DL alfa-tocoferol e emulsificante lecitina de soja<\/p>\n<p><strong>COMPOSI\u00c7\u00c3O DA C\u00c1PSULA:<\/strong><\/p>\n<p>Gelatina, \u00e1gua purificada, umectante glicerina glaceante cera de abelha e corantes azul brilhante, amarelo crep\u00fasculo e \u00f3xido de ferro preto<\/p>\n<p>PRODUTO DISPENSADO DE REGISTRO CONFORME RDC 240\/2018<\/p>\n<p>REF.: 1070<\/p>\n","protected":false},"excerpt":{"rendered":"<p>Coenzima Q10 \u00e9 uma provitamina lipossol\u00favel que melhora a absor\u00e7\u00e3o com &#8230; <\/p>\n","protected":false},"featured_media":3584,"comment_status":"open","ping_status":"closed","template":"","meta":[],"product_brand":[],"product_cat":[66],"product_tag":[233,121,207,190,189,234,78,192,75],"class_list":{"0":"post-3583","1":"product","2":"type-product","3":"status-publish","4":"has-post-thumbnail","6":"product_cat-exercicio-fisico","7":"product_tag-cerebro","8":"product_tag-coenzima-q10","9":"product_tag-coracao","10":"product_tag-disposicao","11":"product_tag-energia","12":"product_tag-figado","13":"product_tag-fitoplant","14":"product_tag-musculos","15":"product_tag-verao","17":"first","18":"instock","19":"taxable","20":"shipping-taxable","21":"purchasable","22":"product-type-simple"},"yoast_head":"<!-- This site is optimized with the Yoast SEO plugin v27.4 - https:\/\/yoast.com\/product\/yoast-seo-wordpress\/ -->\n<title>Coenzima Q10 600mg 30Caps - Loja Fitoplant<\/title>\n<meta name=\"description\" content=\"A coenzima Q10, presente em nosso organismo, principalmente nas c\u00e9lulas dos m\u00fasculos, c\u00e9rebro, cora\u00e7\u00e3o e f\u00edgado, atuando como fonte de energia.\" \/>\n<meta name=\"robots\" content=\"index, follow, max-snippet:-1, max-image-preview:large, max-video-preview:-1\" \/>\n<link rel=\"canonical\" href=\"https:\/\/www.fitoplant.com.br\/loja\/produto\/coenzima-q10-600mg-30caps\/\" \/>\n<meta property=\"og:locale\" content=\"pt_BR\" \/>\n<meta property=\"og:type\" content=\"article\" \/>\n<meta property=\"og:title\" content=\"Coenzima Q10 600mg 30Caps - Loja Fitoplant\" \/>\n<meta property=\"og:description\" content=\"A coenzima Q10, presente em nosso organismo, principalmente nas c\u00e9lulas dos m\u00fasculos, c\u00e9rebro, cora\u00e7\u00e3o e f\u00edgado, atuando como fonte de energia.\" \/>\n<meta property=\"og:url\" content=\"https:\/\/www.fitoplant.com.br\/loja\/produto\/coenzima-q10-600mg-30caps\/\" \/>\n<meta property=\"og:site_name\" content=\"Loja Fitoplant\" \/>\n<meta property=\"article:publisher\" content=\"https:\/\/www.facebook.com\/fitoplantsuplementos\/\" \/>\n<meta property=\"article:modified_time\" content=\"2026-04-06T17:08:47+00:00\" \/>\n<meta property=\"og:image\" content=\"https:\/\/www.fitoplant.com.br\/loja\/wp-content\/uploads\/2024\/01\/Coenzima-Q10_600mg_30Caps_Fitoplant_P\u00f3.png\" \/>\n\t<meta property=\"og:image:width\" content=\"1800\" \/>\n\t<meta property=\"og:image:height\" content=\"1800\" \/>\n\t<meta property=\"og:image:type\" content=\"image\/png\" \/>\n<meta name=\"twitter:card\" content=\"summary_large_image\" \/>\n<meta name=\"twitter:label1\" content=\"Est. tempo de leitura\" \/>\n\t<meta name=\"twitter:data1\" content=\"2 minutos\" \/>\n<script type=\"application\/ld+json\" class=\"yoast-schema-graph\">{\"@context\":\"https:\\\/\\\/schema.org\",\"@graph\":[{\"@type\":[\"WebPage\",\"ItemPage\"],\"@id\":\"https:\\\/\\\/www.fitoplant.com.br\\\/loja\\\/produto\\\/coenzima-q10-600mg-30caps\\\/\",\"url\":\"https:\\\/\\\/www.fitoplant.com.br\\\/loja\\\/produto\\\/coenzima-q10-600mg-30caps\\\/\",\"name\":\"Coenzima Q10 600mg 30Caps - Loja Fitoplant\",\"isPartOf\":{\"@id\":\"https:\\\/\\\/www.fitoplant.com.br\\\/loja\\\/#website\"},\"primaryImageOfPage\":{\"@id\":\"https:\\\/\\\/www.fitoplant.com.br\\\/loja\\\/produto\\\/coenzima-q10-600mg-30caps\\\/#primaryimage\"},\"image\":{\"@id\":\"https:\\\/\\\/www.fitoplant.com.br\\\/loja\\\/produto\\\/coenzima-q10-600mg-30caps\\\/#primaryimage\"},\"thumbnailUrl\":\"https:\\\/\\\/www.fitoplant.com.br\\\/loja\\\/wp-content\\\/uploads\\\/2024\\\/01\\\/Coenzima-Q10_600mg_30Caps_Fitoplant_P\u00f3.png\",\"datePublished\":\"2024-01-24T21:23:52+00:00\",\"dateModified\":\"2026-04-06T17:08:47+00:00\",\"description\":\"A coenzima Q10, presente em nosso organismo, principalmente nas c\u00e9lulas dos m\u00fasculos, c\u00e9rebro, cora\u00e7\u00e3o e f\u00edgado, atuando como fonte de energia.\",\"breadcrumb\":{\"@id\":\"https:\\\/\\\/www.fitoplant.com.br\\\/loja\\\/produto\\\/coenzima-q10-600mg-30caps\\\/#breadcrumb\"},\"inLanguage\":\"pt-BR\",\"potentialAction\":[{\"@type\":\"ReadAction\",\"target\":[\"https:\\\/\\\/www.fitoplant.com.br\\\/loja\\\/produto\\\/coenzima-q10-600mg-30caps\\\/\"]}]},{\"@type\":\"ImageObject\",\"inLanguage\":\"pt-BR\",\"@id\":\"https:\\\/\\\/www.fitoplant.com.br\\\/loja\\\/produto\\\/coenzima-q10-600mg-30caps\\\/#primaryimage\",\"url\":\"https:\\\/\\\/www.fitoplant.com.br\\\/loja\\\/wp-content\\\/uploads\\\/2024\\\/01\\\/Coenzima-Q10_600mg_30Caps_Fitoplant_P\u00f3.png\",\"contentUrl\":\"https:\\\/\\\/www.fitoplant.com.br\\\/loja\\\/wp-content\\\/uploads\\\/2024\\\/01\\\/Coenzima-Q10_600mg_30Caps_Fitoplant_P\u00f3.png\",\"width\":1800,\"height\":1800},{\"@type\":\"BreadcrumbList\",\"@id\":\"https:\\\/\\\/www.fitoplant.com.br\\\/loja\\\/produto\\\/coenzima-q10-600mg-30caps\\\/#breadcrumb\",\"itemListElement\":[{\"@type\":\"ListItem\",\"position\":1,\"name\":\"In\u00edcio\",\"item\":\"https:\\\/\\\/www.fitoplant.com.br\\\/loja\\\/\"},{\"@type\":\"ListItem\",\"position\":2,\"name\":\"Produtos\",\"item\":\"https:\\\/\\\/www.fitoplant.com.br\\\/loja\\\/produtos\\\/\"},{\"@type\":\"ListItem\",\"position\":3,\"name\":\"Coenzima Q10 600mg 30Caps\"}]},{\"@type\":\"WebSite\",\"@id\":\"https:\\\/\\\/www.fitoplant.com.br\\\/loja\\\/#website\",\"url\":\"https:\\\/\\\/www.fitoplant.com.br\\\/loja\\\/\",\"name\":\"Loja Fitoplant\",\"description\":\"Suplementos Alimentares\",\"publisher\":{\"@id\":\"https:\\\/\\\/www.fitoplant.com.br\\\/loja\\\/#organization\"},\"alternateName\":\"Loja Fitoplant\",\"potentialAction\":[{\"@type\":\"SearchAction\",\"target\":{\"@type\":\"EntryPoint\",\"urlTemplate\":\"https:\\\/\\\/www.fitoplant.com.br\\\/loja\\\/?s={search_term_string}\"},\"query-input\":{\"@type\":\"PropertyValueSpecification\",\"valueRequired\":true,\"valueName\":\"search_term_string\"}}],\"inLanguage\":\"pt-BR\"},{\"@type\":\"Organization\",\"@id\":\"https:\\\/\\\/www.fitoplant.com.br\\\/loja\\\/#organization\",\"name\":\"Loja Fitoplant\",\"alternateName\":\"Loja Fitoplant\",\"url\":\"https:\\\/\\\/www.fitoplant.com.br\\\/loja\\\/\",\"logo\":{\"@type\":\"ImageObject\",\"inLanguage\":\"pt-BR\",\"@id\":\"https:\\\/\\\/www.fitoplant.com.br\\\/loja\\\/#\\\/schema\\\/logo\\\/image\\\/\",\"url\":\"https:\\\/\\\/www.fitoplant.com.br\\\/loja\\\/wp-content\\\/uploads\\\/2024\\\/07\\\/favicon.png\",\"contentUrl\":\"https:\\\/\\\/www.fitoplant.com.br\\\/loja\\\/wp-content\\\/uploads\\\/2024\\\/07\\\/favicon.png\",\"width\":60,\"height\":60,\"caption\":\"Loja Fitoplant\"},\"image\":{\"@id\":\"https:\\\/\\\/www.fitoplant.com.br\\\/loja\\\/#\\\/schema\\\/logo\\\/image\\\/\"},\"sameAs\":[\"https:\\\/\\\/www.facebook.com\\\/fitoplantsuplementos\\\/\",\"https:\\\/\\\/www.instagram.com\\\/fitoplant\",\"https:\\\/\\\/www.youtube.com\\\/@fitoplant\"]}]}<\/script>\n<!-- \/ Yoast SEO plugin. -->","yoast_head_json":{"title":"Coenzima Q10 600mg 30Caps - Loja Fitoplant","description":"A coenzima Q10, presente em nosso organismo, principalmente nas c\u00e9lulas dos m\u00fasculos, c\u00e9rebro, cora\u00e7\u00e3o e f\u00edgado, atuando como fonte de energia.","robots":{"index":"index","follow":"follow","max-snippet":"max-snippet:-1","max-image-preview":"max-image-preview:large","max-video-preview":"max-video-preview:-1"},"canonical":"https:\/\/www.fitoplant.com.br\/loja\/produto\/coenzima-q10-600mg-30caps\/","og_locale":"pt_BR","og_type":"article","og_title":"Coenzima Q10 600mg 30Caps - Loja Fitoplant","og_description":"A coenzima Q10, presente em nosso organismo, principalmente nas c\u00e9lulas dos m\u00fasculos, c\u00e9rebro, cora\u00e7\u00e3o e f\u00edgado, atuando como fonte de energia.","og_url":"https:\/\/www.fitoplant.com.br\/loja\/produto\/coenzima-q10-600mg-30caps\/","og_site_name":"Loja Fitoplant","article_publisher":"https:\/\/www.facebook.com\/fitoplantsuplementos\/","article_modified_time":"2026-04-06T17:08:47+00:00","og_image":[{"width":1800,"height":1800,"url":"https:\/\/www.fitoplant.com.br\/loja\/wp-content\/uploads\/2024\/01\/Coenzima-Q10_600mg_30Caps_Fitoplant_P\u00f3.png","type":"image\/png"}],"twitter_card":"summary_large_image","twitter_misc":{"Est. tempo de leitura":"2 minutos"},"schema":{"@context":"https:\/\/schema.org","@graph":[{"@type":["WebPage","ItemPage"],"@id":"https:\/\/www.fitoplant.com.br\/loja\/produto\/coenzima-q10-600mg-30caps\/","url":"https:\/\/www.fitoplant.com.br\/loja\/produto\/coenzima-q10-600mg-30caps\/","name":"Coenzima Q10 600mg 30Caps - Loja Fitoplant","isPartOf":{"@id":"https:\/\/www.fitoplant.com.br\/loja\/#website"},"primaryImageOfPage":{"@id":"https:\/\/www.fitoplant.com.br\/loja\/produto\/coenzima-q10-600mg-30caps\/#primaryimage"},"image":{"@id":"https:\/\/www.fitoplant.com.br\/loja\/produto\/coenzima-q10-600mg-30caps\/#primaryimage"},"thumbnailUrl":"https:\/\/www.fitoplant.com.br\/loja\/wp-content\/uploads\/2024\/01\/Coenzima-Q10_600mg_30Caps_Fitoplant_P\u00f3.png","datePublished":"2024-01-24T21:23:52+00:00","dateModified":"2026-04-06T17:08:47+00:00","description":"A coenzima Q10, presente em nosso organismo, principalmente nas c\u00e9lulas dos m\u00fasculos, c\u00e9rebro, cora\u00e7\u00e3o e f\u00edgado, atuando como fonte de energia.","breadcrumb":{"@id":"https:\/\/www.fitoplant.com.br\/loja\/produto\/coenzima-q10-600mg-30caps\/#breadcrumb"},"inLanguage":"pt-BR","potentialAction":[{"@type":"ReadAction","target":["https:\/\/www.fitoplant.com.br\/loja\/produto\/coenzima-q10-600mg-30caps\/"]}]},{"@type":"ImageObject","inLanguage":"pt-BR","@id":"https:\/\/www.fitoplant.com.br\/loja\/produto\/coenzima-q10-600mg-30caps\/#primaryimage","url":"https:\/\/www.fitoplant.com.br\/loja\/wp-content\/uploads\/2024\/01\/Coenzima-Q10_600mg_30Caps_Fitoplant_P\u00f3.png","contentUrl":"https:\/\/www.fitoplant.com.br\/loja\/wp-content\/uploads\/2024\/01\/Coenzima-Q10_600mg_30Caps_Fitoplant_P\u00f3.png","width":1800,"height":1800},{"@type":"BreadcrumbList","@id":"https:\/\/www.fitoplant.com.br\/loja\/produto\/coenzima-q10-600mg-30caps\/#breadcrumb","itemListElement":[{"@type":"ListItem","position":1,"name":"In\u00edcio","item":"https:\/\/www.fitoplant.com.br\/loja\/"},{"@type":"ListItem","position":2,"name":"Produtos","item":"https:\/\/www.fitoplant.com.br\/loja\/produtos\/"},{"@type":"ListItem","position":3,"name":"Coenzima Q10 600mg 30Caps"}]},{"@type":"WebSite","@id":"https:\/\/www.fitoplant.com.br\/loja\/#website","url":"https:\/\/www.fitoplant.com.br\/loja\/","name":"Loja Fitoplant","description":"Suplementos Alimentares","publisher":{"@id":"https:\/\/www.fitoplant.com.br\/loja\/#organization"},"alternateName":"Loja Fitoplant","potentialAction":[{"@type":"SearchAction","target":{"@type":"EntryPoint","urlTemplate":"https:\/\/www.fitoplant.com.br\/loja\/?s={search_term_string}"},"query-input":{"@type":"PropertyValueSpecification","valueRequired":true,"valueName":"search_term_string"}}],"inLanguage":"pt-BR"},{"@type":"Organization","@id":"https:\/\/www.fitoplant.com.br\/loja\/#organization","name":"Loja Fitoplant","alternateName":"Loja Fitoplant","url":"https:\/\/www.fitoplant.com.br\/loja\/","logo":{"@type":"ImageObject","inLanguage":"pt-BR","@id":"https:\/\/www.fitoplant.com.br\/loja\/#\/schema\/logo\/image\/","url":"https:\/\/www.fitoplant.com.br\/loja\/wp-content\/uploads\/2024\/07\/favicon.png","contentUrl":"https:\/\/www.fitoplant.com.br\/loja\/wp-content\/uploads\/2024\/07\/favicon.png","width":60,"height":60,"caption":"Loja Fitoplant"},"image":{"@id":"https:\/\/www.fitoplant.com.br\/loja\/#\/schema\/logo\/image\/"},"sameAs":["https:\/\/www.facebook.com\/fitoplantsuplementos\/","https:\/\/www.instagram.com\/fitoplant","https:\/\/www.youtube.com\/@fitoplant"]}]}},"_links":{"self":[{"href":"https:\/\/www.fitoplant.com.br\/loja\/wp-json\/wp\/v2\/product\/3583","targetHints":{"allow":["GET"]}}],"collection":[{"href":"https:\/\/www.fitoplant.com.br\/loja\/wp-json\/wp\/v2\/product"}],"about":[{"href":"https:\/\/www.fitoplant.com.br\/loja\/wp-json\/wp\/v2\/types\/product"}],"replies":[{"embeddable":true,"href":"https:\/\/www.fitoplant.com.br\/loja\/wp-json\/wp\/v2\/comments?post=3583"}],"wp:featuredmedia":[{"embeddable":true,"href":"https:\/\/www.fitoplant.com.br\/loja\/wp-json\/wp\/v2\/media\/3584"}],"wp:attachment":[{"href":"https:\/\/www.fitoplant.com.br\/loja\/wp-json\/wp\/v2\/media?parent=3583"}],"wp:term":[{"taxonomy":"product_brand","embeddable":true,"href":"https:\/\/www.fitoplant.com.br\/loja\/wp-json\/wp\/v2\/product_brand?post=3583"},{"taxonomy":"product_cat","embeddable":true,"href":"https:\/\/www.fitoplant.com.br\/loja\/wp-json\/wp\/v2\/product_cat?post=3583"},{"taxonomy":"product_tag","embeddable":true,"href":"https:\/\/www.fitoplant.com.br\/loja\/wp-json\/wp\/v2\/product_tag?post=3583"}],"curies":[{"name":"wp","href":"https:\/\/api.w.org\/{rel}","templated":true}]}}