{"id":3576,"date":"2024-01-24T16:58:17","date_gmt":"2024-01-24T19:58:17","guid":{"rendered":"https:\/\/fitomania.com.br\/?post_type=product&#038;p=3576"},"modified":"2026-04-06T14:12:01","modified_gmt":"2026-04-06T17:12:01","slug":"oleo-de-abacate-30ml","status":"publish","type":"product","link":"https:\/\/www.fitoplant.com.br\/loja\/produto\/oleo-de-abacate-30ml\/","title":{"rendered":"O\u0301leo de Abacate 30ml<span class=\"codevz-product-category-after-title\">Anti-inflamat\u00f3rio<\/span>"},"content":{"rendered":"<p>O \u00d3leo de Semente de Abacate em sua forma l\u00edquida, uma verdadeira joia nutricional que transcende as expectativas. Este \u00f3leo, rico em nutrientes essenciais, oferece benef\u00edcios not\u00e1veis para a sa\u00fade, proporcionando uma experi\u00eancia sensorial e de bem-estar \u00fanica.<\/p>\n<p>Benef\u00edcios:<\/p>\n<ul>\n<li>Fonte concentrada de nutrientes essenciais, fornecendo ao corpo o suporte necess\u00e1rio para prosperar.<\/li>\n<li>Contribui ativamente para a manuten\u00e7\u00e3o da sa\u00fade cardiovascular, promovendo um sistema circulat\u00f3rio robusto e equilibrado.<\/li>\n<li>Os benef\u00edcios antioxidantes deste \u00f3leo promovem uma pele radiante e cabelos saud\u00e1veis, destacando a beleza interna que brilha.<\/li>\n<li>Com propriedades que auxiliam no equil\u00edbrio hormonal, o \u00d3leo de Semente de Abacate proporciona uma sensa\u00e7\u00e3o de bem-estar, especialmente ben\u00e9fico para a sa\u00fade feminina.<\/li>\n<li>Vitalidade Hol\u00edstica que somente o \u00d3leo de Semente de Abacate pode oferecer, elevando sua jornada em dire\u00e7\u00e3o a uma vida mais saud\u00e1vel.<\/li>\n<\/ul>\n<p>&nbsp;<\/p>\n<p><strong>INGREDIENTES:<\/strong><\/p>\n<p>\u00d3leo de Semente de Abacate.<\/p>\n<p>Produto dispensado de registro conforme RDC 240\/2018.<\/p>\n<p>REF.: 1068<\/p>\n","protected":false},"excerpt":{"rendered":"<p>\u00d3leo de Semente de Abacate \u00e9 uma joia nutricional rica em &#8230; <\/p>\n","protected":false},"featured_media":4692,"comment_status":"open","ping_status":"closed","template":"","meta":[],"product_brand":[],"product_cat":[67],"product_tag":[118,78,116,117],"class_list":{"0":"post-3576","1":"product","2":"type-product","3":"status-publish","4":"has-post-thumbnail","6":"product_cat-anti-inflamatorio","7":"product_tag-abacate","8":"product_tag-fitoplant","9":"product_tag-oleo","10":"product_tag-oleo-de-abacate","12":"first","13":"instock","14":"taxable","15":"shipping-taxable","16":"purchasable","17":"product-type-simple"},"yoast_head":"<!-- This site is optimized with the Yoast SEO plugin v27.5 - https:\/\/yoast.com\/product\/yoast-seo-wordpress\/ -->\n<title>O\u0301leo de Abacate 30ml - Loja Fitoplant<\/title>\n<meta name=\"description\" content=\"O \u00d3leo de Semente de Abacate em sua forma l\u00edquida, \u00e9 rico em nutrientes essenciais, oferece benef\u00edcios not\u00e1veis para a sa\u00fade, proporcionando bem-estar.\" \/>\n<meta name=\"robots\" content=\"index, follow, max-snippet:-1, max-image-preview:large, max-video-preview:-1\" \/>\n<link rel=\"canonical\" href=\"https:\/\/www.fitoplant.com.br\/loja\/produto\/oleo-de-abacate-30ml\/\" \/>\n<meta property=\"og:locale\" content=\"pt_BR\" \/>\n<meta property=\"og:type\" content=\"article\" \/>\n<meta property=\"og:title\" content=\"O\u0301leo de Abacate 30ml - Loja Fitoplant\" \/>\n<meta property=\"og:description\" content=\"O \u00d3leo de Semente de Abacate em sua forma l\u00edquida, \u00e9 rico em nutrientes essenciais, oferece benef\u00edcios not\u00e1veis para a sa\u00fade, proporcionando bem-estar.\" \/>\n<meta property=\"og:url\" content=\"https:\/\/www.fitoplant.com.br\/loja\/produto\/oleo-de-abacate-30ml\/\" \/>\n<meta property=\"og:site_name\" content=\"Loja Fitoplant\" \/>\n<meta property=\"article:publisher\" content=\"https:\/\/www.facebook.com\/fitoplantsuplementos\/\" \/>\n<meta property=\"article:modified_time\" content=\"2026-04-06T17:12:01+00:00\" \/>\n<meta property=\"og:image\" content=\"https:\/\/www.fitoplant.com.br\/loja\/wp-content\/uploads\/2024\/01\/abacate-em-gotas-1.png\" \/>\n\t<meta property=\"og:image:width\" content=\"1424\" \/>\n\t<meta property=\"og:image:height\" content=\"1417\" \/>\n\t<meta property=\"og:image:type\" content=\"image\/png\" \/>\n<meta name=\"twitter:card\" content=\"summary_large_image\" \/>\n<meta name=\"twitter:label1\" content=\"Est. tempo de leitura\" \/>\n\t<meta name=\"twitter:data1\" content=\"2 minutos\" \/>\n<script type=\"application\/ld+json\" class=\"yoast-schema-graph\">{\"@context\":\"https:\\\/\\\/schema.org\",\"@graph\":[{\"@type\":[\"WebPage\",\"ItemPage\"],\"@id\":\"https:\\\/\\\/www.fitoplant.com.br\\\/loja\\\/produto\\\/oleo-de-abacate-30ml\\\/\",\"url\":\"https:\\\/\\\/www.fitoplant.com.br\\\/loja\\\/produto\\\/oleo-de-abacate-30ml\\\/\",\"name\":\"O\u0301leo de Abacate 30ml - Loja Fitoplant\",\"isPartOf\":{\"@id\":\"https:\\\/\\\/www.fitoplant.com.br\\\/loja\\\/#website\"},\"primaryImageOfPage\":{\"@id\":\"https:\\\/\\\/www.fitoplant.com.br\\\/loja\\\/produto\\\/oleo-de-abacate-30ml\\\/#primaryimage\"},\"image\":{\"@id\":\"https:\\\/\\\/www.fitoplant.com.br\\\/loja\\\/produto\\\/oleo-de-abacate-30ml\\\/#primaryimage\"},\"thumbnailUrl\":\"https:\\\/\\\/www.fitoplant.com.br\\\/loja\\\/wp-content\\\/uploads\\\/2024\\\/01\\\/abacate-em-gotas-1.png\",\"datePublished\":\"2024-01-24T19:58:17+00:00\",\"dateModified\":\"2026-04-06T17:12:01+00:00\",\"description\":\"O \u00d3leo de Semente de Abacate em sua forma l\u00edquida, \u00e9 rico em nutrientes essenciais, oferece benef\u00edcios not\u00e1veis para a sa\u00fade, proporcionando bem-estar.\",\"breadcrumb\":{\"@id\":\"https:\\\/\\\/www.fitoplant.com.br\\\/loja\\\/produto\\\/oleo-de-abacate-30ml\\\/#breadcrumb\"},\"inLanguage\":\"pt-BR\",\"potentialAction\":[{\"@type\":\"ReadAction\",\"target\":[\"https:\\\/\\\/www.fitoplant.com.br\\\/loja\\\/produto\\\/oleo-de-abacate-30ml\\\/\"]}]},{\"@type\":\"ImageObject\",\"inLanguage\":\"pt-BR\",\"@id\":\"https:\\\/\\\/www.fitoplant.com.br\\\/loja\\\/produto\\\/oleo-de-abacate-30ml\\\/#primaryimage\",\"url\":\"https:\\\/\\\/www.fitoplant.com.br\\\/loja\\\/wp-content\\\/uploads\\\/2024\\\/01\\\/abacate-em-gotas-1.png\",\"contentUrl\":\"https:\\\/\\\/www.fitoplant.com.br\\\/loja\\\/wp-content\\\/uploads\\\/2024\\\/01\\\/abacate-em-gotas-1.png\",\"width\":1424,\"height\":1417},{\"@type\":\"BreadcrumbList\",\"@id\":\"https:\\\/\\\/www.fitoplant.com.br\\\/loja\\\/produto\\\/oleo-de-abacate-30ml\\\/#breadcrumb\",\"itemListElement\":[{\"@type\":\"ListItem\",\"position\":1,\"name\":\"In\u00edcio\",\"item\":\"https:\\\/\\\/www.fitoplant.com.br\\\/loja\\\/\"},{\"@type\":\"ListItem\",\"position\":2,\"name\":\"Produtos\",\"item\":\"https:\\\/\\\/www.fitoplant.com.br\\\/loja\\\/produtos\\\/\"},{\"@type\":\"ListItem\",\"position\":3,\"name\":\"O\u0301leo de Abacate 30ml\"}]},{\"@type\":\"WebSite\",\"@id\":\"https:\\\/\\\/www.fitoplant.com.br\\\/loja\\\/#website\",\"url\":\"https:\\\/\\\/www.fitoplant.com.br\\\/loja\\\/\",\"name\":\"Loja Fitoplant\",\"description\":\"Suplementos Alimentares\",\"publisher\":{\"@id\":\"https:\\\/\\\/www.fitoplant.com.br\\\/loja\\\/#organization\"},\"alternateName\":\"Loja Fitoplant\",\"potentialAction\":[{\"@type\":\"SearchAction\",\"target\":{\"@type\":\"EntryPoint\",\"urlTemplate\":\"https:\\\/\\\/www.fitoplant.com.br\\\/loja\\\/?s={search_term_string}\"},\"query-input\":{\"@type\":\"PropertyValueSpecification\",\"valueRequired\":true,\"valueName\":\"search_term_string\"}}],\"inLanguage\":\"pt-BR\"},{\"@type\":\"Organization\",\"@id\":\"https:\\\/\\\/www.fitoplant.com.br\\\/loja\\\/#organization\",\"name\":\"Loja Fitoplant\",\"alternateName\":\"Loja Fitoplant\",\"url\":\"https:\\\/\\\/www.fitoplant.com.br\\\/loja\\\/\",\"logo\":{\"@type\":\"ImageObject\",\"inLanguage\":\"pt-BR\",\"@id\":\"https:\\\/\\\/www.fitoplant.com.br\\\/loja\\\/#\\\/schema\\\/logo\\\/image\\\/\",\"url\":\"https:\\\/\\\/www.fitoplant.com.br\\\/loja\\\/wp-content\\\/uploads\\\/2024\\\/07\\\/favicon.png\",\"contentUrl\":\"https:\\\/\\\/www.fitoplant.com.br\\\/loja\\\/wp-content\\\/uploads\\\/2024\\\/07\\\/favicon.png\",\"width\":60,\"height\":60,\"caption\":\"Loja Fitoplant\"},\"image\":{\"@id\":\"https:\\\/\\\/www.fitoplant.com.br\\\/loja\\\/#\\\/schema\\\/logo\\\/image\\\/\"},\"sameAs\":[\"https:\\\/\\\/www.facebook.com\\\/fitoplantsuplementos\\\/\",\"https:\\\/\\\/www.instagram.com\\\/fitoplant\",\"https:\\\/\\\/www.youtube.com\\\/@fitoplant\"]}]}<\/script>\n<!-- \/ Yoast SEO plugin. -->","yoast_head_json":{"title":"O\u0301leo de Abacate 30ml - Loja Fitoplant","description":"O \u00d3leo de Semente de Abacate em sua forma l\u00edquida, \u00e9 rico em nutrientes essenciais, oferece benef\u00edcios not\u00e1veis para a sa\u00fade, proporcionando bem-estar.","robots":{"index":"index","follow":"follow","max-snippet":"max-snippet:-1","max-image-preview":"max-image-preview:large","max-video-preview":"max-video-preview:-1"},"canonical":"https:\/\/www.fitoplant.com.br\/loja\/produto\/oleo-de-abacate-30ml\/","og_locale":"pt_BR","og_type":"article","og_title":"O\u0301leo de Abacate 30ml - Loja Fitoplant","og_description":"O \u00d3leo de Semente de Abacate em sua forma l\u00edquida, \u00e9 rico em nutrientes essenciais, oferece benef\u00edcios not\u00e1veis para a sa\u00fade, proporcionando bem-estar.","og_url":"https:\/\/www.fitoplant.com.br\/loja\/produto\/oleo-de-abacate-30ml\/","og_site_name":"Loja Fitoplant","article_publisher":"https:\/\/www.facebook.com\/fitoplantsuplementos\/","article_modified_time":"2026-04-06T17:12:01+00:00","og_image":[{"width":1424,"height":1417,"url":"https:\/\/www.fitoplant.com.br\/loja\/wp-content\/uploads\/2024\/01\/abacate-em-gotas-1.png","type":"image\/png"}],"twitter_card":"summary_large_image","twitter_misc":{"Est. tempo de leitura":"2 minutos"},"schema":{"@context":"https:\/\/schema.org","@graph":[{"@type":["WebPage","ItemPage"],"@id":"https:\/\/www.fitoplant.com.br\/loja\/produto\/oleo-de-abacate-30ml\/","url":"https:\/\/www.fitoplant.com.br\/loja\/produto\/oleo-de-abacate-30ml\/","name":"O\u0301leo de Abacate 30ml - Loja Fitoplant","isPartOf":{"@id":"https:\/\/www.fitoplant.com.br\/loja\/#website"},"primaryImageOfPage":{"@id":"https:\/\/www.fitoplant.com.br\/loja\/produto\/oleo-de-abacate-30ml\/#primaryimage"},"image":{"@id":"https:\/\/www.fitoplant.com.br\/loja\/produto\/oleo-de-abacate-30ml\/#primaryimage"},"thumbnailUrl":"https:\/\/www.fitoplant.com.br\/loja\/wp-content\/uploads\/2024\/01\/abacate-em-gotas-1.png","datePublished":"2024-01-24T19:58:17+00:00","dateModified":"2026-04-06T17:12:01+00:00","description":"O \u00d3leo de Semente de Abacate em sua forma l\u00edquida, \u00e9 rico em nutrientes essenciais, oferece benef\u00edcios not\u00e1veis para a sa\u00fade, proporcionando bem-estar.","breadcrumb":{"@id":"https:\/\/www.fitoplant.com.br\/loja\/produto\/oleo-de-abacate-30ml\/#breadcrumb"},"inLanguage":"pt-BR","potentialAction":[{"@type":"ReadAction","target":["https:\/\/www.fitoplant.com.br\/loja\/produto\/oleo-de-abacate-30ml\/"]}]},{"@type":"ImageObject","inLanguage":"pt-BR","@id":"https:\/\/www.fitoplant.com.br\/loja\/produto\/oleo-de-abacate-30ml\/#primaryimage","url":"https:\/\/www.fitoplant.com.br\/loja\/wp-content\/uploads\/2024\/01\/abacate-em-gotas-1.png","contentUrl":"https:\/\/www.fitoplant.com.br\/loja\/wp-content\/uploads\/2024\/01\/abacate-em-gotas-1.png","width":1424,"height":1417},{"@type":"BreadcrumbList","@id":"https:\/\/www.fitoplant.com.br\/loja\/produto\/oleo-de-abacate-30ml\/#breadcrumb","itemListElement":[{"@type":"ListItem","position":1,"name":"In\u00edcio","item":"https:\/\/www.fitoplant.com.br\/loja\/"},{"@type":"ListItem","position":2,"name":"Produtos","item":"https:\/\/www.fitoplant.com.br\/loja\/produtos\/"},{"@type":"ListItem","position":3,"name":"O\u0301leo de Abacate 30ml"}]},{"@type":"WebSite","@id":"https:\/\/www.fitoplant.com.br\/loja\/#website","url":"https:\/\/www.fitoplant.com.br\/loja\/","name":"Loja Fitoplant","description":"Suplementos Alimentares","publisher":{"@id":"https:\/\/www.fitoplant.com.br\/loja\/#organization"},"alternateName":"Loja Fitoplant","potentialAction":[{"@type":"SearchAction","target":{"@type":"EntryPoint","urlTemplate":"https:\/\/www.fitoplant.com.br\/loja\/?s={search_term_string}"},"query-input":{"@type":"PropertyValueSpecification","valueRequired":true,"valueName":"search_term_string"}}],"inLanguage":"pt-BR"},{"@type":"Organization","@id":"https:\/\/www.fitoplant.com.br\/loja\/#organization","name":"Loja Fitoplant","alternateName":"Loja Fitoplant","url":"https:\/\/www.fitoplant.com.br\/loja\/","logo":{"@type":"ImageObject","inLanguage":"pt-BR","@id":"https:\/\/www.fitoplant.com.br\/loja\/#\/schema\/logo\/image\/","url":"https:\/\/www.fitoplant.com.br\/loja\/wp-content\/uploads\/2024\/07\/favicon.png","contentUrl":"https:\/\/www.fitoplant.com.br\/loja\/wp-content\/uploads\/2024\/07\/favicon.png","width":60,"height":60,"caption":"Loja Fitoplant"},"image":{"@id":"https:\/\/www.fitoplant.com.br\/loja\/#\/schema\/logo\/image\/"},"sameAs":["https:\/\/www.facebook.com\/fitoplantsuplementos\/","https:\/\/www.instagram.com\/fitoplant","https:\/\/www.youtube.com\/@fitoplant"]}]}},"_links":{"self":[{"href":"https:\/\/www.fitoplant.com.br\/loja\/wp-json\/wp\/v2\/product\/3576","targetHints":{"allow":["GET"]}}],"collection":[{"href":"https:\/\/www.fitoplant.com.br\/loja\/wp-json\/wp\/v2\/product"}],"about":[{"href":"https:\/\/www.fitoplant.com.br\/loja\/wp-json\/wp\/v2\/types\/product"}],"replies":[{"embeddable":true,"href":"https:\/\/www.fitoplant.com.br\/loja\/wp-json\/wp\/v2\/comments?post=3576"}],"wp:featuredmedia":[{"embeddable":true,"href":"https:\/\/www.fitoplant.com.br\/loja\/wp-json\/wp\/v2\/media\/4692"}],"wp:attachment":[{"href":"https:\/\/www.fitoplant.com.br\/loja\/wp-json\/wp\/v2\/media?parent=3576"}],"wp:term":[{"taxonomy":"product_brand","embeddable":true,"href":"https:\/\/www.fitoplant.com.br\/loja\/wp-json\/wp\/v2\/product_brand?post=3576"},{"taxonomy":"product_cat","embeddable":true,"href":"https:\/\/www.fitoplant.com.br\/loja\/wp-json\/wp\/v2\/product_cat?post=3576"},{"taxonomy":"product_tag","embeddable":true,"href":"https:\/\/www.fitoplant.com.br\/loja\/wp-json\/wp\/v2\/product_tag?post=3576"}],"curies":[{"name":"wp","href":"https:\/\/api.w.org\/{rel}","templated":true}]}}